 thousands digit of 4049592?
0
What is the tens digit of 28102319?
1
What is the hundreds digit of 24557?
5
What is the units digit of 6942?
2
What is the units digit of 1306611?
1
What is the hundreds digit of 1375094?
0
What is the tens digit of 256144?
4
What is the hundreds digit of 209404?
4
What is the millions digit of 4241719?
4
What is the hundreds digit of 683676?
6
What is the thousands digit of 78181?
8
What is the thousands digit of 140587?
0
What is the tens digit of 134196?
9
What is the hundreds digit of 71026?
0
What is the thousands digit of 657790?
7
What is the millions digit of 21815297?
1
What is the millions digit of 2619046?
2
What is the thousands digit of 6567647?
7
What is the ten thousands digit of 2561293?
6
What is the millions digit of 6796663?
6
What is the thousands digit of 247124?
7
What is the thousands digit of 22215?
2
What is the hundreds digit of 230932?
9
What is the thousands digit of 107910?
7
What is the hundreds digit of 1199390?
3
What is the millions digit of 6734778?
6
What is the thousands digit of 693086?
3
What is the hundreds digit of 109646?
6
What is the hundreds digit of 792720?
7
What is the units digit of 5374742?
2
What is the ten thousands digit of 307356?
0
What is the ten millions digit of 15149282?
1
What is the millions digit of 41955128?
1
What is the millions digit of 2523852?
2
What is the units digit of 794504?
4
What is the ten thousands digit of 820079?
2
What is the hundred thousands digit of 290756?
2
What is the hundreds digit of 3063055?
0
What is the hundred thousands digit of 209083?
2
What is the hundreds digit of 659484?
4
What is the hundred thousands digit of 260339?
2
What is the hundreds digit of 1370031?
0
What is the hundreds digit of 55050?
0
What is the thousands digit of 12366449?
6
What is the ten thousands digit of 317497?
1
What is the units digit of 91386?
6
What is the hundreds digit of 506715?
7
What is the hundreds digit of 9277850?
8
What is the hundred thousands digit of 13654735?
6
What is the millions digit of 4087573?
4
What is the units digit of 738986?
6
What is the units digit of 165807?
7
What is the tens digit of 5056128?
2
What is the thousands digit of 2098207?
8
What is the thousands digit of 3309749?
9
What is the hundred thousands digit of 120911?
1
What is the hundreds digit of 5065034?
0
What is the hundreds digit of 27650246?
2
What is the units digit of 35515?
5
What is the tens digit of 18086857?
5
What is the thousands digit of 402031?
2
What is the tens digit of 1329233?
3
What is the units digit of 2614?
4
What is the tens digit of 4387292?
9
What is the units digit of 6229368?
8
What is the thousands digit of 20790538?
0
What is the hundreds digit of 387446?
4
What is the hundred thousands digit of 3853422?
8
What is the thousands digit of 1277626?
7
What is the tens digit of 5035188?
8
What is the tens digit of 11222411?
1
What is the hundreds digit of 978607?
6
What is the hundred thousands digit of 15984822?
9
What is the units digit of 298271?
1
What is the hundred thousands digit of 395114?
3
What is the tens digit of 5707752?
5
What is the ten thousands digit of 7373526?
7
What is the hundred thousands digit of 1087980?
0
What is the hundred thousands digit of 415705?
4
What is the hundreds digit of 211835?
8
What is the thousands digit of 378203?
8
What is the units digit of 1261618?
8
What is the hundred thousands digit of 438114?
4
What is the hundreds digit of 180711?
7
What is the hundred thousands digit of 1888669?
8
What is the units digit of 6407471?
1
What is the ten thousands digit of 15645240?
4
What is the hundreds digit of 12880249?
2
What is the thousands digit of 7849980?
9
What is the hundreds digit of 18448998?
9
What is the units digit of 2475769?
9
What is the tens digit of 3882170?
7
What is the hundred thousands digit of 2692416?
6
What is the millions digit of 18567770?
8
What is the thousands digit of 288574?
8
What is the units digit of 9100808?
8
What is the units digit of 605846?
6
What is the ten thousands digit of 9715207?
1
What is the hundreds digit of 10736319?
3
What is the ten millions digit of 12274037?
1
What is the hundreds digit of 231974?
9
What is the tens digit of 3778833?
3
What is the units digit of 200644?
4
What is the hundreds digit of 1236778?
7
What is the units digit of 4552627?
7
What is the units digit of 946875?
5
What is the millions digit of 2990524?
2
What is the units digit of 4971702?
2
What is the ten thousands digit of 3144603?
4
What is the hundred thousands digit of 119126?
1
What is the units digit of 2862616?
6
What is the hundreds digit of 4163435?
4
What is the ten thousands digit of 90184?
9
What is the tens digit of 3445240?
4
What is the tens digit of 74017?
1
What is the thousands digit of 19349662?
9
What is the thousands digit of 17097520?
7
What is the units digit of 2008450?
0
What is the hundreds digit of 1571789?
7
What is the thousands digit of 4216874?
6
What is the units digit of 1277531?
1
What is the ten thousands digit of 12339894?
3
What is the ten thousands digit of 3137669?
3
What is the units digit of 42693?
3
What is the hundreds digit of 2529842?
8
What is the hundreds digit of 172338?
3
What is the tens digit of 92946?
4
What is the units digit of 11322868?
8
What is the ten thousands digit of 286715?
8
What is the thousands digit of 395325?
5
What is the hundred thousands digit of 240932?
2
What is the units digit of 14960930?
0
What is the tens digit of 1211208?
0
What is the hundreds digit of 6416427?
4
What is the hundreds digit of 21011?
0
What is the tens digit of 303961?
6
What is the units digit of 1565015?
5
What is the units digit of 2059173?
3
What is the ten millions digit of 19628299?
1
What is the hundreds digit of 578271?
2
What is the hundreds digit of 5430444?
4
What is the thousands digit of 4665962?
5
What is the ten thousands digit of 75086?
7
What is the hundreds digit of 34241516?
5
What is the units digit of 7456229?
9
What is the hundred thousands digit of 11687223?
6
What is the millions digit of 6851732?
6
What is the thousands digit of 95963?
5
What is the tens digit of 6127452?
5
What is the hundred thousands digit of 409180?
4
What is the thousands digit of 1003834?
3
What is the hundred thousands digit of 8889017?
8
What is the thousands digit of 360179?
0
What is the ten thousands digit of 479831?
7
What is the units digit of 98492?
2
What is the units digit of 1014176?
6
What is the hundreds digit of 351?
3
What is the hundred thousands digit of 18653767?
6
What is the tens digit of 863203?
0
What is the thousands digit of 103919?
3
What is the millions digit of 5874171?
5
What is the hundreds digit of 225331?
3
What is the hundred thousands digit of 513047?
5
What is the tens digit of 690087?
8
What is the units digit of 1248865?
5
What is the thousands digit of 23279699?
9
What is the tens digit of 377178?
7
What is the units digit of 2228249?
9
What is the tens digit of 5701918?
1
What is the hundreds digit of 22970688?
6
What is the hundred thousands digit of 7698686?
6
What is the thousands digit of 65382?
5
What is the hundred thousands digit of 291607?
2
What is the hundreds digit of 411027?
0
What is the thousands digit of 80565?
0
What is the hundreds digit of 2166?
1
What is the hundred thousands digit of 508702?
5
What is the tens digit of 41892?
9
What is the hundred thousands digit of 1698728?
6
What is the millions digit of 3142991?
3
What is the units digit of 19827085?
5
What is the tens digit of 1086174?
7
What is the ten millions digit of 25671458?
2
What is the thousands digit of 9088877?
8
What is the ten thousands digit of 378280?
7
What is the hundred thousands digit of 820550?
8
What is the hundred thousands digit of 1476356?
4
What is the tens digit of 12474498?
9
What is the millions digit of 11230818?
1
What is the tens digit of 328506?
0
What is the hundreds digit of 1912026?
0
What is the hundreds digit of 209847?
8
What is the hundreds digit of 1006825?
8
What is the hundred thousands digit of 527419?
5
What is the tens digit of 882171?
7
What is the ten thousands digit of 96788?
9
What is the millions digit of 1263369?
1
What is the ten thousands digit of 432586?
3
What i